{"id":2,"date":"2026-01-12T09:38:44","date_gmt":"2026-01-12T09:38:44","guid":{"rendered":"http:\/\/virnasmitdietist.nl\/?page_id=2"},"modified":"2026-01-18T14:56:19","modified_gmt":"2026-01-18T14:56:19","slug":"sample-page","status":"publish","type":"page","link":"https:\/\/virnasmitdietist.nl\/?page_id=2","title":{"rendered":"Algemene voorwaarden"},"content":{"rendered":"\n<p class=\"has-medium-font-size\"><strong>Artikel 1<\/strong><br>Definities In de algemene voorwaarden wordt verstaan onder:&nbsp;Di\u00ebtist: Lid van de Di\u00ebtisten Co\u00f6peratie Nederland, tevens in het bezit van een Nederlands diploma&nbsp;di\u00ebtetiek, handelende als zelfstandig gevestigd Di\u00ebtist of freelance Di\u00ebtist.&nbsp;Cli\u00ebnt: degene aan wie door de di\u00ebtist advies verleend wordt dan wel diens wettelijke&nbsp;vertegenwoordiger(s).&nbsp;Arts: de huisarts, tandarts of specialist door wie de Cli\u00ebnt naar de Di\u00ebtist is verwezen.&nbsp;Praktijkadres: de locatie waarop de praktijk van de Di\u00ebtist wordt uitgeoefend.&nbsp;De hierboven gedefinieerde begrippen worden hierna respectievelijk genoemd: Di\u00ebtist, Cli\u00ebnt, Arts<strong>,<\/strong> praktijkadres.<\/p>\n\n\n\n<p class=\"has-medium-font-size\"><strong>Artikel 2<\/strong><br>De Di\u00ebtist geeft voedings- en dieetadvies aan de Cli\u00ebnt op het als zodanig opgegeven Praktijkadres. Van elke wijziging van het Praktijkadres wordt de Cli\u00ebnt terstond op de hoogte gesteld.<\/p>\n\n\n\n<p class=\"has-medium-font-size\"><strong>Artikel 3<\/strong><br>In principe adviseert de Di\u00ebtist de Cli\u00ebnt op basis van een formele verwijzing door de Arts. De Di\u00ebtist houdt de Arts op de hoogte van het verloop van de behandeling. Tevens is de Di\u00ebtist direct toegankelijk voor pati\u00ebnten zonder verwijzing.<\/p>\n\n\n\n<p class=\"has-medium-font-size\"><strong>Artikel 4<\/strong><br>Verhindering Indien de Cli\u00ebnt verhinderd is op de afgesproken datum en tijdstip op het Praktijkadres aanwezig te zijn dient hij de Di\u00ebtist hiervan op de hoogte te stellen. Indien de Cli\u00ebnt binnen 48 uur voor genoemd tijdstip geen bericht van verhindering aan de Di\u00ebtist doorgeeft is de Di\u00ebtist gerechtigd om het honorarium voor de desbetreffende afspraak aan de Cli\u00ebnt in rekening te brengen.<\/p>\n\n\n\n<p class=\"has-medium-font-size\"><strong>Artikel 5<br><\/strong>V\u00f3\u00f3r aanvang van de behandeling informeert de di\u00ebtist de cli\u00ebnt mondeling of schriftelijk over de geldende tarieven. De cli\u00ebnt wordt aangemoedigd om zelf de tariefinformatie te raadplegen op de pagina over tarieven en zich tevens te informeren bij zijn eigen zorgverzekeraar.<\/p>\n\n\n\n<p class=\"has-medium-font-size\"><strong>Artikel 6<br><\/strong>Sinds 2023 hebben wij contracten met bijna alle zorgverzekeraars. Consulten zullen direct worden gedeclareerd aan de zorgverzekeraars aan het einde van elke maand. In het geval dat de zorgverzekering om welke reden dan ook de kosten niet dekt, dient de cli\u00ebnt het bedrag voor de consulten zelf te betalen en in te dienen bij hun eigen verzekeraar. De di\u00ebtist stuurt dan maandelijks een overzicht van de declaraties in de vorm van een factuur. De cli\u00ebnt is verplicht om binnen 14 dagen na de declaratiedatum het verschuldigde bedrag over te maken naar de aangegeven bankrekening van de di\u00ebtist. Het is de verantwoordelijkheid van de cli\u00ebnt om betaalde consulten bij hun verzekeraar te declareren. Bij niet-betaling binnen de gestelde termijn behoudt de di\u00ebtist het recht om vanaf de dag daaropvolgend de wettelijke rente over het verschuldigde bedrag in rekening te brengen, evenals alle kosten die verband houden met de inning van de desbetreffende vordering, zoals incassokosten door een incassobureau en gerechtelijke kosten.\u201d<\/p>\n\n\n\n<p class=\"has-medium-font-size\"><strong>Artikel 7<\/strong><br>Voor de bepaling van hetgeen door de Cli\u00ebnt aan de Di\u00ebtist verschuldigd is zijn de boeken en de administratie van de Di\u00ebtist bepalend, zulks behoudens tegenbewijs.<\/p>\n\n\n\n<p class=\"has-medium-font-size\"><strong>Artikel 8<\/strong><br>Het advies van de Di\u00ebtist is naar zijn aard resultaat gericht zonder dat resultaat te garanderen. De Di\u00ebtist sluit elke aansprakelijkheid uit ter zake van schade of letsel voortvloeiend uit of verband houdende met de opvolging door de Cli\u00ebnt van door de Di\u00ebtist verstrekte adviezen, tenzij sprake is van opzet of grove schuld van de kant van de Di\u00ebtist.<\/p>\n\n\n\n<p class=\"has-medium-font-size\"><strong>Artikel 9<\/strong><br>In geval van een geschil tussen de Cli\u00ebnt en de Di\u00ebtist ter zake van verleend advies en\/of de gevolgen daarvan, is de Cli\u00ebnt gerechtigd een klacht in te dienen bij het landelijke klachtenloket: Klachtenloket Paramedici,<\/p>\n\n\n\n<p class=\"has-medium-font-size\"><a href=\"http:\/\/www.klachtenloketparamedici.nl\" target=\"_blank\" rel=\"noreferrer noopener\">www.klachtenloketparamedici.nl<\/a><br><a href=\"mailto:info@klachtenloketparamedici.nl\" data-type=\"link\" data-id=\"info@klachtenloketparamedici.nl\">info@klachtenloketparamedici.nl<\/a><\/p>\n\n\n\n<p class=\"has-large-font-size\"><\/p>\n\n\n\n<p class=\"has-medium-font-size\"><\/p>\n\n\n\n<p class=\"has-medium-font-size\"><\/p>\n\n\n\n<p class=\"has-medium-font-size\"><\/p>\n\n\n\n<p class=\"has-large-font-size\"><\/p>\n\n\n\n<p><\/p>\n","protected":false},"excerpt":{"rendered":"<p>Artikel 1Definities In de algemene voorwaarden wordt verstaan onder:&nbsp;Di\u00ebtist: Lid van de Di\u00ebtisten Co\u00f6peratie Nederland, tevens in het bezit van een Nederlands diploma&nbsp;di\u00ebtetiek, handelende als zelfstandig gevestigd Di\u00ebtist of freelance Di\u00ebtist.&nbsp;Cli\u00ebnt: degene aan wie door de di\u00ebtist advies verleend wordt dan wel diens wettelijke&nbsp;vertegenwoordiger(s).&nbsp;Arts: de huisarts, tandarts of specialist door wie de Cli\u00ebnt naar de [&hellip;]<\/p>\n","protected":false},"author":1,"featured_media":0,"parent":0,"menu_order":0,"comment_status":"closed","ping_status":"open","template":"","meta":{"footnotes":""},"class_list":["post-2","page","type-page","status-publish","hentry"],"_links":{"self":[{"href":"https:\/\/virnasmitdietist.nl\/index.php?rest_route=\/wp\/v2\/pages\/2","targetHints":{"allow":["GET"]}}],"collection":[{"href":"https:\/\/virnasmitdietist.nl\/index.php?rest_route=\/wp\/v2\/pages"}],"about":[{"href":"https:\/\/virnasmitdietist.nl\/index.php?rest_route=\/wp\/v2\/types\/page"}],"author":[{"embeddable":true,"href":"https:\/\/virnasmitdietist.nl\/index.php?rest_route=\/wp\/v2\/users\/1"}],"replies":[{"embeddable":true,"href":"https:\/\/virnasmitdietist.nl\/index.php?rest_route=%2Fwp%2Fv2%2Fcomments&post=2"}],"version-history":[{"count":7,"href":"https:\/\/virnasmitdietist.nl\/index.php?rest_route=\/wp\/v2\/pages\/2\/revisions"}],"predecessor-version":[{"id":104,"href":"https:\/\/virnasmitdietist.nl\/index.php?rest_route=\/wp\/v2\/pages\/2\/revisions\/104"}],"wp:attachment":[{"href":"https:\/\/virnasmitdietist.nl\/index.php?rest_route=%2Fwp%2Fv2%2Fmedia&parent=2"}],"curies":[{"name":"wp","href":"https:\/\/api.w.org\/{rel}","templated":true}]}}